{"id":35,"date":"2007-09-26T16:30:43","date_gmt":"2007-09-26T16:30:43","guid":{"rendered":"http:\/\/feuerwehr-breitenau.at.82-220-34-8.107.hosttech.eu\/?page_id=35"},"modified":"2018-07-05T11:04:49","modified_gmt":"2018-07-05T11:04:49","slug":"impressum","status":"publish","type":"page","link":"https:\/\/www.feuerwehr-breitenau.at\/?page_id=35","title":{"rendered":"Impressum"},"content":{"rendered":"<table style=\"width: 365px; height: 282px;\" width=\"365\" cellspacing=\"0\" cellpadding=\"0\" align=\"center\">\n<tbody>\n<tr>\n<td class=\"Stil10\" colspan=\"2\" valign=\"bottom\">\n<p class=\"Stil11\" align=\"left\"><u><b>Eigent\u00fcmer und Herausgeber dieser Website:<\/b><\/u><b><br \/>\n<\/b><br \/>\nFreiwillige Feuerwehr Breitenau<\/p>\n<p class=\"Stil11\" align=\"left\">Bahnstra\u00dfe Betriebsgebiet Objekt 5,<\/p>\n<p class=\"Stil11\" align=\"left\">2624 Breitenau Nieder\u00f6sterreich, Austria<\/p>\n<\/td>\n<\/tr>\n<tr>\n<td class=\"Stil10\" width=\"59%\">\n<p class=\"Stil11\" style=\"margin-top: 0pt; margin-bottom: 0pt;\" align=\"left\">2624 Breitenau<\/p>\n<p class=\"Stil11\" style=\"margin-top: 0pt; margin-bottom: 0pt;\" align=\"left\">Tel.: 02635\/65870<\/p>\n<p class=\"Stil11\" style=\"margin-top: 0pt; margin-bottom: 0pt;\" align=\"left\">Fax : 02635\/65870 &#8211; 20<\/p>\n<p class=\"Stil11\" style=\"margin-top: 0pt; margin-bottom: 0pt;\" align=\"left\">RLFA 0664\/73122233<\/p>\n<p style=\"margin-top: 0pt; margin-bottom: 0pt;\" align=\"left\"><span style=\"font-size: 8pt;\"><span style=\"font-size: 16px;\">E-Mail: Breitenau@feuerwehr.gv.at<\/span><\/span><\/p>\n<p><b>Gestaltung, Konzept und Design <\/b>: FF Breitenau<\/p>\n<p style=\"margin-top: 0pt; margin-bottom: 0pt;\" align=\"left\">\n<\/td>\n<\/tr>\n<\/tbody>\n<\/table>\n<p align=\"center\"><span class=\"Stil10\">Alle Rechte vorbehalten!<br \/>\nCopyright \u00a9 | Freiwillige Feuerwehr Breitenau<\/span><\/p>\n","protected":false},"excerpt":{"rendered":"<p>Eigent\u00fcmer und Herausgeber dieser Website: Freiwillige Feuerwehr Breitenau Bahnstra\u00dfe Betriebsgebiet Objekt 5, 2624 Breitenau Nieder\u00f6sterreich, Austria 2624 Breitenau Tel.: 02635\/65870<\/p>\n","protected":false},"author":7,"featured_media":0,"parent":0,"menu_order":15,"comment_status":"closed","ping_status":"closed","template":"","meta":{"colormag_page_container_layout":"default_layout","colormag_page_sidebar_layout":"default_layout","footnotes":""},"class_list":["post-35","page","type-page","status-publish","hentry"],"_links":{"self":[{"href":"https:\/\/www.feuerwehr-breitenau.at\/index.php?rest_route=\/wp\/v2\/pages\/35","targetHints":{"allow":["GET"]}}],"collection":[{"href":"https:\/\/www.feuerwehr-breitenau.at\/index.php?rest_route=\/wp\/v2\/pages"}],"about":[{"href":"https:\/\/www.feuerwehr-breitenau.at\/index.php?rest_route=\/wp\/v2\/types\/page"}],"author":[{"embeddable":true,"href":"https:\/\/www.feuerwehr-breitenau.at\/index.php?rest_route=\/wp\/v2\/users\/7"}],"replies":[{"embeddable":true,"href":"https:\/\/www.feuerwehr-breitenau.at\/index.php?rest_route=%2Fwp%2Fv2%2Fcomments&post=35"}],"version-history":[{"count":3,"href":"https:\/\/www.feuerwehr-breitenau.at\/index.php?rest_route=\/wp\/v2\/pages\/35\/revisions"}],"predecessor-version":[{"id":2287,"href":"https:\/\/www.feuerwehr-breitenau.at\/index.php?rest_route=\/wp\/v2\/pages\/35\/revisions\/2287"}],"wp:attachment":[{"href":"https:\/\/www.feuerwehr-breitenau.at\/index.php?rest_route=%2Fwp%2Fv2%2Fmedia&parent=35"}],"curies":[{"name":"wp","href":"https:\/\/api.w.org\/{rel}","templated":true}]}}