{"id":5784,"date":"2023-02-27T16:12:39","date_gmt":"2023-02-27T16:12:39","guid":{"rendered":"https:\/\/www.feuerwehr-breitenau.at\/?page_id=5784"},"modified":"2023-02-27T16:13:56","modified_gmt":"2023-02-27T16:13:56","slug":"informationen-fuer-die-eltern","status":"publish","type":"page","link":"https:\/\/www.feuerwehr-breitenau.at\/?page_id=5784","title":{"rendered":"Informationen f\u00fcr die Eltern"},"content":{"rendered":"\n<figure class=\"wp-block-image aligncenter size-full\"><img loading=\"lazy\" decoding=\"async\" width=\"1024\" height=\"208\" src=\"https:\/\/www.feuerwehr-breitenau.at\/wp-content\/uploads\/2023\/01\/Banner_Kinderfeuerwehr.png\" alt=\"\" class=\"wp-image-5620\" srcset=\"https:\/\/www.feuerwehr-breitenau.at\/wp-content\/uploads\/2023\/01\/Banner_Kinderfeuerwehr.png 1024w, https:\/\/www.feuerwehr-breitenau.at\/wp-content\/uploads\/2023\/01\/Banner_Kinderfeuerwehr-300x61.png 300w, https:\/\/www.feuerwehr-breitenau.at\/wp-content\/uploads\/2023\/01\/Banner_Kinderfeuerwehr-768x156.png 768w\" sizes=\"auto, (max-width: 1024px) 100vw, 1024px\" \/><\/figure>\n\n\n\n<p class=\"has-medium-font-size\">Die Kinderfeuerwehr ist eine Untergliederung der Freiwilligen Feuerwehren Nieder\u00f6sterreichs. In die Kinderfeuerwehr werden Buben und M\u00e4dchen vom vollendeten 8. Lebensjahr bis zum vollendeten 10. Lebensjahr aufgenommen. Nach Erreichung der Altersgrenze werden sie in die Feuerwehrjugend \u00fcberstellt. Die Kinderfeuerwehr setzt sich zum Ziel, Kindern spielerisch die Brandschutzerziehung n\u00e4her zu bringen und weiters den Sinn f\u00fcr N\u00e4chstenliebe, Hilfsbereitschaft, Gemeinschaft und Kameradschaft zu wecken und zu f\u00f6rdern. Um diese Ziele zu erreichen, werden die jungen Menschen  von unseren Kinderfeuerwehrbetreuerinnen bei den Gruppentreffen und sonstigen Veranstaltungen unterwiesen und betreut.<\/p>\n\n\n\n<p class=\"has-medium-font-size\">Die Ausbildung erfasst auch einfache feuerwehrtechnische Belange, wodurch die Mitglieder der Kinderfeuerwehr auf den sp\u00e4teren \u00dcbertritt in die Feuerwehrjugend vorbereitet werden.<\/p>\n\n\n\n<p class=\"has-text-align-center has-medium-font-size\"><strong><span style=\"text-decoration: underline;\">Die Mitglieder der Kinderfeuerwehr sind bei allen T\u00e4tigkeiten der Kinderfeuerwehr versichert<\/span>.<\/strong><\/p>\n\n\n\n<p class=\"has-text-align-center has-medium-font-size\"><span style=\"text-decoration: underline;\"><strong>Die Mitgliedschaft bei der Kinderfeuerwehr ist kostenlos!<\/strong><\/span><\/p>\n\n\n\n<p class=\"has-medium-font-size\">Wir w\u00fcrden uns freuen, auch Ihren Sohn \/ Ihre Tochter in unseren Reihen begr\u00fc\u00dfen zu d\u00fcrfen. Es w\u00fcrde dazu beitragen, die Schlagkraft unserer Freiwilligen Feuerwehr auch in Zukunft zu erhalten.<\/p>\n\n\n\n<p class=\"has-medium-font-size\">F\u00fcr etwaige R\u00fcckfragen stehe ich Ihnen nat\u00fcrlich gerne zu Verf\u00fcgung.<\/p>\n\n\n\n<p><\/p>\n\n\n\n<p class=\"has-text-align-center has-medium-font-size\">Der Feuerwehrkommandant<\/p>\n\n\n\n<p class=\"has-text-align-center has-medium-font-size\">EHBI Klaus Buchegger<\/p>\n","protected":false},"excerpt":{"rendered":"<p>Die Kinderfeuerwehr ist eine Untergliederung der Freiwilligen Feuerwehren Nieder\u00f6sterreichs. In die Kinderfeuerwehr werden Buben und M\u00e4dchen vom vollendeten 8. Lebensjahr<\/p>\n","protected":false},"author":7,"featured_media":0,"parent":0,"menu_order":0,"comment_status":"closed","ping_status":"closed","template":"","meta":{"colormag_page_container_layout":"default_layout","colormag_page_sidebar_layout":"default_layout","footnotes":""},"class_list":["post-5784","page","type-page","status-publish","hentry"],"_links":{"self":[{"href":"https:\/\/www.feuerwehr-breitenau.at\/index.php?rest_route=\/wp\/v2\/pages\/5784","targetHints":{"allow":["GET"]}}],"collection":[{"href":"https:\/\/www.feuerwehr-breitenau.at\/index.php?rest_route=\/wp\/v2\/pages"}],"about":[{"href":"https:\/\/www.feuerwehr-breitenau.at\/index.php?rest_route=\/wp\/v2\/types\/page"}],"author":[{"embeddable":true,"href":"https:\/\/www.feuerwehr-breitenau.at\/index.php?rest_route=\/wp\/v2\/users\/7"}],"replies":[{"embeddable":true,"href":"https:\/\/www.feuerwehr-breitenau.at\/index.php?rest_route=%2Fwp%2Fv2%2Fcomments&post=5784"}],"version-history":[{"count":3,"href":"https:\/\/www.feuerwehr-breitenau.at\/index.php?rest_route=\/wp\/v2\/pages\/5784\/revisions"}],"predecessor-version":[{"id":5788,"href":"https:\/\/www.feuerwehr-breitenau.at\/index.php?rest_route=\/wp\/v2\/pages\/5784\/revisions\/5788"}],"wp:attachment":[{"href":"https:\/\/www.feuerwehr-breitenau.at\/index.php?rest_route=%2Fwp%2Fv2%2Fmedia&parent=5784"}],"curies":[{"name":"wp","href":"https:\/\/api.w.org\/{rel}","templated":true}]}}